1) to base 4
2
-240 (base 6) to base 13
-75
What is 106 (base 7) in base 12?
47
What is 102 (base 6) in base 7?
53
116 (base 7) to base 4
332
What is -2 (base 13) in base 10?
-2
What is 101 (base 3) in base 6?
14
Convert 2 (base 10) to base 5.
2
Convert 1102 (base 3) to base 8.
46
-3 (base 7) to base 6
-3
Convert -11 (base 4) to base 9.
-5
12 (base 4) to base 8
6
What is -2 (base 5) in base 7?
-2
What is 4 (base 16) in base 6?
4
-15 (base 9) to base 13
-11
Convert 0 (base 6) to base 4.
0
Convert -3 (base 5) to base 15.
-3
What is -4 (base 10) in base 7?
-4
Convert -44 (base 7) to base 16.
-20
Convert 42 (base 13) to base 15.
39
-16 (base 7) to base 5
-23
What is -352 (base 10) in base 6?
-1344
Convert -3 (base 10) to base 12.
-3
What is 43 (base 6) in base 13?
21
What is -6 (base 14) in base 11?
-6
3 (base 12) to base 16
3
What is -10 (base 2) in base 12?
-2
167 (base 9) to base 15
97
-2 (base 13) to base 5
-2
Convert 118 (base 12) to base 8.
244
What is -2 (base 6) in base 2?
-10
Convert -1 (base 13) to base 14.
-1
Convert 3 (base 8) to base 6.
3
What is 11 (base 3) in base 11?
4
0 (base 3) to base 11
0
1224 (base 5) to base 13
117
Convert -38 (base 10) to base 4.
-212
What is -1003 (base 5) in base 3?
-11202
-275 (base 9) to base 15
-105
Convert -3 (base 14) to base 3.
-10
What is 0 (base 6) in base 12?
0
-4 (base 7) to base 13
-4
What is -1 (base 8) in base 6?
-1
0 (base 13) to base 4
0
Convert 21 (base 3) to base 13.
7
What is 137 (base 13) in base 15?
e5
Convert 0 (base 7) to base 8.
0
Convert -70 (base 13) to base 5.
-331
0 (base 14) to base 5
0
Convert 10 (base 2) to base 12.
2
-10 (base 11) to base 16
-b
What is -1000 (base 2) in base 8?
-10
What is 610 (base 7) in base 16?
12d
-5 (base 14) to base 5
-10
What is -3 (base 10) in base 7?
-3
-11 (base 5) to base 16
-6
11 (base 2) to base 6
3
Convert -1a5 (base 14) to base 12.
-245
Convert -1000011 (base 2) to base 6.
-151
21 (base 10) to base 2
10101
Convert 4 (base 11) to base 14.
4
Convert -3 (base 6) to base 8.
-3
-22 (base 3) to base 14
-8
0 (base 5) to base 16
0
c (base 15) to base 14
c
37 (base 13) to base 10
46
Convert 21 (base 5) to base 14.
b
1000 (base 2) to base 6
12
What is b1 (base 14) in base 7?
311
What is 12 (base 8) in base 7?
13
Convert 23 (base 13) to base 4.
131
3 (base 11) to base 14
3
What is 4 (base 5) in base 11?
4
What is 3 (base 9) in base 12?
3
Convert 8 (base 10) to base 6.
12
-232 (base 5) to base 3
-2111
What is -9 (base 10) in base 5?
-14
What is -73 (base 12) in base 2?
-1010111
What is 343 (base 6) in base 2?
10000111
-9 (base 11) to base 15
-9
Convert -1 (base 12) to base 7.
-1
4 (base 11) to base 7
4
-6 (base 7) to base 3
-20
What is 0 (base 4) in base 10?
0
-1002 (base 4) to base 14
-4a
-55 (base 15) to base 6
-212
Convert d (base 15) to base 14.
d
-1 (base 7) to base 4
-1
What is -e (base 16) in base 13?
-11
Convert -1100 (base 4) to base 14.
-5a
What is 561 (base 7) in base 3?
101200
-13 (base 4) to base 8
-7
Convert 1132 (base 5) to base 7.
326
What is 2 (base 15) in base 2?
10
Convert 2 (base 3) to base 9.
2
What is -4 (base 5) in base 13?
-4
Convert 3 (base 5) to base 14.
3
Convert 4a (base 13) to base 6.
142
Convert 150 (base 6) to base 14.
4a
Convert -1b (base 13) to base 15.
-19
Convert 86 (base 15) to base 12.
a6
What is -100011 (base 2) in base 8?
-43
Convert -166 (base 9) to base 13.
-ab
-1002 (base 4) to base 9
-73
What is 27 (base 8) in base 16?
17
What is -6 (base 15) in base 14?
-6
-111010 (base 2) to base 5
-213
Convert -4 (base 8) to base 5.
-4
-3 (base 15) to base 16
-3
Convert 1a (base 11) to base 10.
21
Convert -5 (base 16) to base 13.
-5
Convert 1 (base 7) to base 3.
1
Convert 14 (base 11) to base 13.
12
74 (base 11) to base 3
10000
What is 1 (base 9) in base 5?
1
What is 0 (base 12) in base 16?
0
What is 8 (base 12) in base 3?
22
Convert 7 (base 8) to base 7.
10
Convert 112 (base 4) to base 11.
20
Convert -10 (base 4) to base 12.
-4
What is 15 (base 7) in base 2?
1100
-24 (base 5) to base 3
-112
What is 5 (base 15) in base 5?
10
What is -221 (base 3) in base 15?
-1a
Convert 24 (base 16) to base 5.
121
-86 (base 14) to base 15
-7d
What is -1 (base 4) in base 12?
-1
What is -6 (base 8) in base 14?
-6
What is 138 (base 15) in base 9?
338
-10 (base 3) to base 11
-3
Convert 3 (base 7) to base 10.
3
What is 20100 (base 3) in base 5?
1141
Convert -11 (base 9) to base 7.
-13
What is 212 (base 3) in base 2?
10111
-1 (base 14) to base 6
-1
What is 4 (base 15) in base 9?
4
45 (base 10) to base 15
30
Convert b6 (base 16) to base 11.
156
Convert -113 (base 4) to base 16.
-17
Convert -9 (base 12) to base 15.
-9
8 (base 10) to base 14
8
-15 (base 14) to base 12
-17
Convert -3 (base 11) to base 4.
-3
Convert -15 (base 11) to base 3.
-121
-2 (base 14) to base 15
-2
Convert -86 (base 9) to base 6.
-210
-45 (base 15) to base 5
-230
What is -2 (base 16) in base 12?
-2
What is 4 (base 8) in base 13?
4
What is -210 (base 5) in base 8?
-67
What is 3 (base 9) in base 7?
3
What is 63 (base 8) in base 10?
51
What is 15 (base 8) in base 9?
14
25 (base 11) to base 15
1c
What is 0 (base 6) in base 4?
0
1101 (base 2) to base 10
13
What is -30 (base 12) in base 11?
-33
Convert 20 (base 10) to base 13.
17
What is -5 (base 13) in base 11?
-5
What is 13 (base 9) in base 15?
c
0 (base 10) to base 8
0
Convert -1 (base 6) to base 13.
-1
-3 (base 12) to base 4
-3
Convert 2d (base 14) to base 16.
29
What is 4 (base 11) in base 2?
100
Convert 13 (base 4) to base 9.
7
What is -ab (base 13) in base 11?
-119
Convert 2 (base 12) to base 9.
2
What is 4 (base 11) in base 9?
4
Convert -32 (base 6) to base 8.
-24
-10 (base 2) to base 9
-2
Convert 0 (base 5) to base 6.
0
What is 200 (base 4) in base 15?
22
What is -23 (base 16) in base 3?
-1022
1 (base 14) to base 6
1
What is 101 (base 2) in base 14?
5
27 (base 8) to base 12
1b
Convert 1 (base 15) to base 5.
1
-4 (base 7) to base 11
-4
-245 (base 7) to base 4
-2003
Convert -115 (base 7) to base 16.
-3d
2a (base 16) to base 5
132
30 (base 9) to base 6
43
Convert 9 (base 12) to base 8.
11
Convert -133 (base 6) to base 8.
-71
Convert -10 (base 6) to base 16.
-6
2 (base 10) to base 12
2
What is -5 (base 13) in base 9?
-5
Convert -4 (base 7) to base 3.
-11
What is 1 (base 3) in base 11?
1
What is -13 (base 8) in base 16?
-b
What is 100 (base 3) in base 13?
9
Convert 44 (base 5) to base 6.
40
-2 (base 3) to base 9
-2
-32 (base 5) to base 2
-10001
Convert -6 (base 12) to base 6.
-10
Convert 241 (base 9) to base 5.
1244
c1 (base 15) to base 16
b5
Convert 31 (base 10) to base 8.
37
What is 501 (base 8) in base 9?
386
18 (base 9) to base 8
21
What is 140 (base 9) in base 11?
a7
Convert 1a (base 12) to base 4.
112
Convert -12 (base 14) to base 10.
-16
What is -154 (base 7) in base 6?
-224
Convert -2 (base 3) to base 13.
-2
-8f (base 16) to base 8
-217
-20 (base 3) to base 9
-6
Convert 300 (base 4) to base 8.
60
What is 8 (base 11) in base 15?
8
Convert 3 (base 12) to base 7.
3
Convert 20 (base 12) to base 3.
220
-110 (base 2) to base 12
-6
What is -4 (base 6) in base 4?
-10
-5 (base 16) to base 15
-5
What is 1 (base 6) in base 16?
1
What is -516 (base 8) in base 16?
-14e
0 (base 15) to base 2
0
What is -2 (base 14) in base 9?
-2
8 (base 12) to base 3
22
What is -62 (base 13) in base 9?
-88
What is -15 (base 6) in base 13?
-b
What is 27 (base 12) in base 8?
37
Convert -1223 (base 4) to base 15.
-72
2f (base 16) to base 14
35
43 (base 9) to base 3
1110
Convert 450 (base 6) to base 12.
126
Convert -65 (base 9) to base 11.
-54
Convert -4 (base 14) to base 11.
-4
-12 (base 11) to base 6
-21
Convert 12 (base 12) to base 9.
15
Convert -107 (base 10) to base 6.
-255
Convert 13 (base 7) to base 5.
20
Convert 3 (base 4) to base 14.
3
What is 8 (base 12) in base 2?
1000
Convert -5 (base 12) to base 7.
-5
-3 (base 16) to base 9
-3
What is -142 (base 6) in base 15?
-42
Convert 42 (base 5) to base 9.
24
23 (base 7) to base 12
15
-39 (base 15) to base 9
-60
Convert 6 (base 7) to base 12.
6
Convert -2 (base 7) to base 2.
-10
Convert -c (base 15) to base 12.
-10
3 (base 8) to base 10
3
-43 (base 5) to base 12
-1b
What is 35 (base 6) in base 5?
43
What is 30 (base 5) in base 9?
16
Convert 13 (base 9) to base 13.
c
Convert 3 (base 5) to base 2.
11
-115 (